/24. Let j = q - -4816. What are the prime factors of j?
3, 13, 37
Let v(a) = a**3 - 2*a**2 + a - 6. Let b be v(0). Let j be 1 + 6 - b/(-2). Suppose 0 = 2*f + j*t - 101 - 79, 4*t - 340 = -4*f. What are the prime factors of f?
2, 5
Let b(a) = 0*a**2 + 2*a + 25*a**2 + 18*a**2 + 7 - 14*a + 21*a**2. List the prime factors of b(4).
983
Suppose 2*g + 5*j = -5, 5*j - 7 + 2 = 0. Let u(k) = -25*k + 31. List the prime factors of u(g).
2, 3, 13
Suppose -w = j - 7241, -124*j - 7221 = -125*j + 4*w. What are the prime factors of j?
7237
Suppose 23*x - 90276 = -21460. Suppose -3*v - 16*i = -17*i - x, 5*i - 4021 = -4*v. List the prime factors of v.
3, 37
Let q(w) = -w**3 - 7*w**2 - 4*w + 6. Let z be q(-6). Let f = z + 12. What are the prime factors of 862/f + 4/12?
2, 3
Let i(n) = -119*n**3 - 19*n**2 - 103*n - 662. List the prime factors of i(-6).
2, 7, 223
Let o be 2/10 + 168/10. List the prime factors of 4 + (o - (-3 + 2)) - 5.
17
Suppose 6*u - 5*u + 4 = 2*x, -2*x + 10 = 2*u. Suppose 0 = 4*a + 12, -4*j - a - 396 = 71. What are the prime factors of (-7 - -5)*u - j?
2, 7
Let w(g) = 17*g**2 - 73*g - 3. Let z be w(5). Suppose 3*u - 7 = 8. Suppose u*c = 368 + z. What are the prime factors of c?
5, 17
Let a(i) = 45*i + 34*i - 32 - 21*i. What are the prime factors of a(5)?
2, 3, 43
Let g(i) = -327*i - 338. List the prime factors of g(-41).
7, 1867
List the prime factors of (-339766)/(-24) - 19/2964*-13.
3, 11, 13
Let l(j) = 140*j**2 - 128*j - 1515. List the prime factors of l(-13).
29, 821
List the prime factors of 6*(44032/660 + (-14)/77)*20.
2, 499
What are the prime factors of (-723984)/(-84) - 2/14*-1?
3, 13, 17
Let f = -65 - -65. Let d be f + (-2878)/(-9) - 10/(-45). What are the prime factors of (26/5*1)/(16/d)?
2, 13
Let f = -162 + 420. Let r = f - 113. What are the prime factors of r?
5, 29
Suppose -3*w - w = -4*u - 1132, -5*w + 1397 = u. List the prime factors of 4 + -1 + w/(-3 + 8).
59
Suppose -12 = -4*y + y. Suppose 0 = -y*r - 5 + 13. Suppose -203 = -r*a + 3*g, -2*g = -4*g + 2. What are the prime factors of a?
103
Let o(z) = -29 + 6 - 9*z - z**2 + 13. Let g be o(-7). Suppose -g*l = -7*l + 621. What are the prime factors of l?
3, 23
Let u(i) be the second derivative of 0*i**3 - 2*i + 0 + 11/2*i**2 + 5/3*i**4. List the prime factors of u(3).
191
Suppose -2*f + f = -3423 - 3241. List the prime factors of f.
2, 7, 17
Let h(b) = b**3 + 18*b**2 - 3*b - 15. Let u be h(-10). Let p be (1 - -8) + 1 + -2. Suppose 0 = -p*j + 13*j - u. What are the prime factors of j?
163
Let h(z) = -29*z + 2. Let b be h(-2). Suppose -4*r - 60 = 5*v, 0 = -5*v - 7*r + 2*r - b. List the prime factors of (-41 - 6/(-2))/(8/v).
3, 19
Let m(z) = z**2 - 11*z - 20. Let b be m(12). Let o = 43 + b. Suppose -37*t + o*t + 120 = 0. List the prime factors of t.
2, 3, 5
Let y be (-8)/3*(-75)/(-50). List the prime factors of 0 - (-182)/y*-10.
5, 7, 13
Suppose 0 = -3*s + 6, 3*r + r = -3*s + 42. Suppose y + c = -2*c - r, -4*c = 12. Suppose y = -5*b + 2*b + 63. List the prime factors of b.
3, 7
Let t(x) = 2*x**3 - 2*x**2 + 53*x - 229. What are the prime factors of t(19)?
2, 71, 97
Suppose -4*q - 260 = -3*g, -102 = 2*q - 4*g + 18. Let z = -19 - q. Suppose 51 = 4*t - z. List the prime factors of t.
5
Let h(y) = y**2 + 5*y - 23. Let p(i) = 2*i**2 + 2 + 6*i**2 + 194*i - 191*i. Let k be p(-1). What are the prime factors of h(k)?
61
What are the prime factors of (-6 - (-92)/16)*0 + 3960?
2, 3, 5, 11
List the prime factors of ((-112)/40 - -3)*12385.
2477
Let a(j) = -4*j**3 - 5*j**2 + 16*j + 2. Let w be a(-6). Suppose 4*l - 3*r = 2579, -2*l - w = -2*r - 1878. List the prime factors of l.
647
Let t = -337 + 343. Let z(a) = 26*a + 32. List the prime factors of z(t).
2, 47
What are the prime factors of (-64 + -10057)*(1 - 2)?
29, 349
Let y be 2 - ((-152)/6)/(16/(-912)). Let v = -869 - y. List the prime factors of v.
3, 191
Suppose 6*c + 15*c - 2037 = 0. Suppose -k - 2*w + c = -4*w, k - 109 = -2*w. List the prime factors of k.
103
Suppose -u + 4*u - 6 = 0. Let s be (-2 - 4) + (-819)/(-91). Suppose 505 = s*d + r - 5*r, u*d - r = 330. What are the prime factors of d?
163
Let v be 13 + -5 + 4/(-2)*1. Suppose -v*k - 269 - 151 = 0. Let d = k + 72. What are the prime factors of d?
2
Let m = 123 - -117. List the prime factors of (-938 - 0)*m/(-280).
2, 3, 67
Suppose -5*u - 7*s = -5*s + 50, s - 20 = 2*u. Let g(a) = -122*a + 155. List the prime factors of g(u).
5, 11
Suppose 0 = -2*c + 16*c - 140. Let l(q) = -q**3. Let m(n) = 4*n**3 - 13*n**2 + 22*n + 8. Let i(k) = -3*l(k) - m(k). List the prime factors of i(c).
2, 3
Let w(n) be the second derivative of -n**3/6 + 4*n**2 + 28*n. Let k be w(4). What are the prime factors of (-3 - -53)*(10 - k)/2?
2, 3, 5
Suppose 0 = -b - b + 1314. Let y be (6 - (2 - -3))*373. Let x = b - y. List the prime factors of x.
2, 71
Suppose 2*c - 9*v - 42233 = -4*v, -c - 2*v = -21121. What are the prime factors of c?
7, 431
Suppose -6*u + 45450 = 5*g, 3*g + 21*u - 27270 = 25*u. List the prime factors of g.
2, 3, 5, 101
Let n = -79 - -328. Let x = n + 124. What are the prime factors of x?
373
Suppose 6*f - 4*s = f - 1, 5*s - 35 = -5*f. Suppose -n - 4*z = -9, 0 = 5*n - 5*z + 2 + f. List the prime factors of ((33/6)/n)/(5/30).
3, 11
Suppose 1076425 - 79000 = -377*o + 410*o. List the prime factors of o.
3, 5, 13, 31
Let w = 147 - 146. Let s be ((-186)/6)/(w/9). Let o = s + 516. What are the prime factors of o?
3, 79
Let s(h) = -32*h + 216. Let i be s(-4). Suppose -2*z = -6*z + 16. Suppose z*t - 256 = i. What are the prime factors of t?
2, 3, 5
Suppose -177*k + 8453049 = 164*k. What are the prime factors of k?
3, 8263
Suppose -3*b = -5*s + 23375 + 56544, -s = -b - 15981. What are the prime factors of s?
2, 7, 571
Let n = 69 - 54. Let c be ((-3)/(n/8))/((-30)/225). Suppose -4*p = -y - c, -4*y = p - 5*y. List the prime factors of p.
2
Suppose 4*j - 13 = -l, -l - 4*j = 2*l - 31. Suppose 0*s - 8640 = -l*s. List the prime factors of s.
2, 3, 5
Let o(i) = 481*i**2 - 104*i - 6. List the prime factors of o(-3).
3, 5, 103
Let w = 780 - -191. Let v = -600 + w. List the prime factors of v.
7, 53
Let j(t) = -t**2 - 25*t + 12. Let i(r) = 8*r - 7. Let v be i(-2). List the prime factors of j(v).
2, 29
Suppose -3*h - 2*i = -21875 - 31953, 5*h - 5*i - 89755 = 0. List the prime factors of h.
2, 3, 997
Let z be 2/(-9) - 3597/(-27). Let i(l) = 128 - 3*l**2 - z + 27*l**2. List the prime factors of i(2).
7, 13
Suppose 1849038 = -6586*k + 6623*k. What are the prime factors of k?
2, 3, 8329
Let w = 148405 - 90222. List the prime factors of w.
83, 701
Let l(i) = 4*i - i - 11*i**2 + 3*i - 3 - 5*i. Let n be l(2). Let h = n + 202. List the prime factors of h.
157
Suppose 2*b + 4*n = 2*n + 4092, 3*b - 6134 = -5*n. Let k = 2947 - b. List the prime factors of k.
29, 31
Let q(n) = 325*n**2 + 699*n - 33. What are the prime factors of q(14)?
73453
Suppose 17 = 3*g + 2*u + 1, 2*u + 8 = g. Suppose -24*r + g*r = -12150. List the prime factors of r.
3, 5
What are the prime factors of -1 - -21870 - (230 + -211)?
2, 5, 19, 23
What are the prime factors of ((-3)/(-8))/((-276)/(-3660128))?
4973
Let z = 74 - 77. Let r(g) = g**3 + 2*g**2 - g + 6. Let y be r(z). Suppose y*p = 3*p - 420. What are the prime factors of p?
2, 5, 7
Suppose -8*z = 4*l - 5*z - 13535, -2*z - 6792 = -2*l. What are the prime factors of l?
3389
Suppose -b + 931 = -2*o, 0*b - 5*b = 2*o - 4679. Let t(v) = -4*v**3 + 4*v**2 - 6*v + 10. Let x be t(-5). Let n = b - x. List the prime factors of n.
5, 59
Suppose -7*t + 3*t - 162304 = -4*q, -3*q - t + 121736 = 0. What are the prime factors of q?
2, 3, 6763
List the prime factors of (-1 - 1) + (-7 - 1 - 655707/(-13)).
211, 239
Let d be ((-12)/10)/(8/((-320)/3)). Suppose d*b - b - 2085 = 0. What are the prime factors of b?
139
Suppose 16906 = 3*q - 2*f, -3*q - 73*f + 72*f + 16891 = 0. List the prime factors of q.
2, 11
Let u = -231 - 946. Let z = 2081 + u. List the prime factors of z.
2, 113
Let h(g) = -322*g**3 + 2*g**2 - 5*g. Let x(y) = 643*y**3 - 5*y**2 + 12*y. Let q(v) = 5*h(v) + 2*x(v). List the prime factors of q(-1).
5, 13
Suppose 21*d = 417516 + 360324. List the prime factors of d.
2, 5, 463
Let a be (0/(-1 - 2))/1. Suppose a*t = t + 112. Let j = t - -214. What are the prime factors of j?
2, 3, 17
Let i = -205 + 127. Let v